 3) to base 6
40
-100 (base 5) to base 8
-31
What is 262 (base 7) in base 12?
ba
0 (base 13) to base 7
0
-111 (base 2) to base 5
-12
What is 2 (base 3) in base 2?
10
Convert 0 (base 5) to base 3.
0
-23 (base 4) to base 8
-13
Convert 1 (base 6) to base 13.
1
Convert -4 (base 15) to base 11.
-4
Convert 0 (base 16) to base 3.
0
-2 (base 14) to base 5
-2
-1000 (base 2) to base 12
-8
-21 (base 9) to base 13
-16
What is 4 (base 15) in base 11?
4
26 (base 15) to base 5
121
Convert -13 (base 6) to base 16.
-9
6 (base 13) to base 3
20
-1 (base 14) to base 7
-1
Convert -12c (base 13) to base 6.
-543
Convert 19 (base 13) to base 16.
16
What is -10 (base 14) in base 3?
-112
Convert -12 (base 13) to base 5.
-30
261 (base 7) to base 11
119
What is -43 (base 16) in base 14?
-4b
10 (base 4) to base 11
4
What is -222 (base 3) in base 5?
-101
Convert -3b (base 14) to base 16.
-35
Convert -10011 (base 2) to base 4.
-103
-2 (base 5) to base 11
-2
-32 (base 5) to base 2
-10001
What is 0 (base 3) in base 14?
0
What is -5 (base 11) in base 4?
-11
2 (base 8) to base 2
10
-13 (base 8) to base 5
-21
2 (base 12) to base 5
2
What is -124 (base 11) in base 10?
-147
93 (base 13) to base 10
120
Convert -d1 (base 15) to base 2.
-11000100
Convert -16 (base 7) to base 3.
-111
55 (base 13) to base 7
130
23 (base 14) to base 7
43
3 (base 14) to base 15
3
Convert 32 (base 8) to base 2.
11010
Convert -1 (base 13) to base 12.
-1
Convert 210 (base 3) to base 13.
18
Convert 17 (base 14) to base 3.
210
8 (base 10) to base 5
13
-69 (base 10) to base 9
-76
What is -35 (base 6) in base 12?
-1b
-3 (base 7) to base 15
-3
What is 1 (base 2) in base 15?
1
200 (base 3) to base 2
10010
-21 (base 13) to base 16
-1b
What is 3 (base 16) in base 14?
3
-173 (base 10) to base 6
-445
Convert -74 (base 14) to base 10.
-102
5 (base 6) to base 7
5
113 (base 5) to base 13
27
What is -54 (base 9) in base 12?
-41
What is 1 (base 2) in base 16?
1
What is -306 (base 9) in base 8?
-371
Convert -11 (base 3) to base 11.
-4
10001011 (base 2) to base 13
a9
32 (base 13) to base 9
45
9 (base 10) to base 11
9
What is -41 (base 5) in base 8?
-25
What is -1000000 (base 2) in base 14?
-48
What is 12 (base 11) in base 4?
31
-2 (base 7) to base 6
-2
136 (base 16) to base 12
21a
What is -45 (base 7) in base 11?
-30
Convert 3b (base 15) to base 14.
40
What is 134 (base 11) in base 13?
c2
What is 36 (base 13) in base 9?
50
463 (base 7) to base 5
1431
Convert 1 (base 6) to base 10.
1
What is -108 (base 10) in base 12?
-90
What is -23 (base 5) in base 12?
-11
Convert 6 (base 16) to base 11.
6
What is -10 (base 3) in base 12?
-3
Convert -10110 (base 4) to base 16.
-114
What is 230 (base 4) in base 12?
38
1e (base 16) to base 14
22
Convert 123 (base 5) to base 12.
32
-6 (base 14) to base 6
-10
54 (base 9) to base 7
100
-11 (base 5) to base 13
-6
What is 14 (base 8) in base 5?
22
12 (base 4) to base 14
6
What is -3 (base 14) in base 11?
-3
Convert 16 (base 16) to base 7.
31
-70 (base 9) to base 15
-43
Convert -2 (base 8) to base 10.
-2
Convert 36 (base 13) to base 11.
41
-2 (base 10) to base 12
-2
What is -110 (base 3) in base 5?
-22
What is -224 (base 7) in base 6?
-312
Convert -112 (base 8) to base 16.
-4a
What is 1032 (base 4) in base 16?
4e
7a (base 12) to base 3
10111
What is 32 (base 9) in base 12?
25
21 (base 8) to base 3
122
Convert 37 (base 8) to base 11.
29
Convert -5 (base 10) to base 12.
-5
-5 (base 12) to base 2
-101
Convert d (base 15) to base 8.
15
What is -119 (base 11) in base 13?
-ab
What is 10 (base 4) in base 2?
100
Convert -10 (base 6) to base 15.
-6
What is 1b (base 13) in base 15?
19
Convert 13 (base 7) to base 12.
a
301 (base 5) to base 3
2211
6 (base 15) to base 2
110
-1c (base 15) to base 4
-123
212 (base 7) to base 2
1101011
Convert 31 (base 13) to base 11.
37
Convert -9 (base 14) to base 12.
-9
Convert -4 (base 16) to base 8.
-4
What is 22 (base 3) in base 10?
8
1 (base 6) to base 8
1
Convert 1 (base 8) to base 13.
1
What is 2 (base 15) in base 3?
2
What is 1111 (base 2) in base 16?
f
What is -133 (base 11) in base 13?
-c1
What is -31 (base 16) in base 9?
-54
21 (base 5) to base 7
14
What is -7 (base 9) in base 7?
-10
Convert 41 (base 9) to base 5.
122
13 (base 15) to base 7
24
Convert 0 (base 2) to base 15.
0
What is -32 (base 7) in base 2?
-10111
Convert 3 (base 12) to base 9.
3
Convert 6 (base 8) to base 2.
110
Convert 23 (base 13) to base 6.
45
What is 100 (base 8) in base 10?
64
Convert -3 (base 15) to base 11.
-3
110 (base 2) to base 16
6
-19 (base 14) to base 4
-113
What is 0 (base 10) in base 2?
0
4 (base 14) to base 4
10
Convert 5 (base 15) to base 3.
12
Convert -7 (base 14) to base 3.
-21
What is 25 (base 15) in base 5?
120
-49 (base 11) to base 4
-311
Convert -1 (base 14) to base 8.
-1
What is 23 (base 9) in base 16?
15
Convert -35 (base 8) to base 11.
-27
Convert 15 (base 11) to base 3.
121
Convert 3 (base 12) to base 5.
3
-2 (base 10) to base 8
-2
-34 (base 6) to base 9
-24
What is -24 (base 12) in base 2?
-11100
11 (base 11) to base 15
c
What is 2 (base 11) in base 8?
2
-5a (base 13) to base 11
-69
-19 (base 14) to base 7
-32
37 (base 10) to base 5
122
6 (base 13) to base 6
10
Convert 64 (base 11) to base 9.
77
-100 (base 6) to base 9
-40
Convert 25 (base 9) to base 3.
212
What is 1a (base 15) in base 8?
31
What is 10 (base 4) in base 13?
4
Convert -2 (base 3) to base 8.
-2
What is 2 (base 5) in base 16?
2
Convert 10 (base 3) to base 2.
11
Convert e2 (base 15) to base 8.
324
What is -11 (base 7) in base 13?
-8
Convert -a2 (base 11) to base 2.
-1110000
Convert -331 (base 5) to base 16.
-5b
-2012 (base 3) to base 8
-73
What is -4 (base 10) in base 4?
-10
-2210 (base 5) to base 4
-10301
Convert -31 (base 8) to base 12.
-21
What is -b (base 16) in base 15?
-b
Convert -2 (base 11) to base 16.
-2
49 (base 16) to base 8
111
What is 1010001 (base 2) in base 4?
1101
What is -107 (base 12) in base 9?
-177
71 (base 13) to base 7
161
36 (base 9) to base 8
41
-101 (base 2) to base 15
-5
7 (base 15) to base 16
7
Convert -107 (base 10) to base 4.
-1223
0 (base 14) to base 11
0
Convert -a (base 16) to base 13.
-a
What is 56 (base 7) in base 6?
105
Convert -1312 (base 4) to base 11.
-a8
0 (base 9) to base 7
0
What is -5 (base 9) in base 14?
-5
What is -1 (base 13) in base 11?
-1
101001 (base 2) to base 12
35
What is -3 (base 16) in base 11?
-3
What is 40 (base 7) in base 9?
31
Convert -8a (base 15) to base 6.
-334
Convert -48 (base 16) to base 5.
-242
What is 7 (base 9) in base 11?
7
-10011101 (base 2) to base 14
-b3
What is -2 (base 16) in base 3?
-2
Convert 8 (base 10) to base 5.
13
What is -5 (base 15) in base 5?
-10
-5 (base 14) to base 10
-5
Convert -5 (base 11) to base 10.
-5
What is 13 (base 14) in base 3?
122
What is 0 (base 14) in base 4?
0
What is -111 (base 4) in base 13?
-18
-110 (base 2) to base 16
-6
What is 2 (base 10) in base 8?
2
Convert -1102 (base 3) to base 8.
-46
What is 18 (base 14) in base 12?
1a
What is 1 (base 5) in base 9?
1
What is -141 (base 11) in base 3?
-20011
Convert 3 (base 13) to base 10.
3
10 (base 15) to base 11
14
What is b (base 13) in base 8?
13
-20 (base 8) to base 16
-10
Convert -c (base 15) to base 9.
-13
What is -120 (base 3) in base 7?
-21
Convert 22 (base 9) to base 14.
16
-1 (base 11) to base 5
-1
Convert -2 (base 10) to base 11.
-2
1 (base 7) to base 14
1
Convert 16 (base 16) to base 9.
24
413 (base 5) to base 4
1230
-66 (base 13) to base 3
-10010
What is -2 (base 7) in base 11?
-2
What is -2b (base 15) in base 6?
-105
4 (base 6) to base 3
11
What is -6 (base 12) in base 16?
-6
-143 (base 11) to base 15
-b3
What is -12b (base 13) in base 10?
-206
What is 5 (base 12) in base 7?
5
What is -3 (base 5) in base 4?
-3
Convert 10000 (base 2) to base 15.
11
15 (base 12) to base 13
14
What is -67 (base 13) in base 11?
-78
What is -42 (base 8) in base 9?
-37
3 (base 6) to base 8
3
42 (base 8) to base 3
1021
What is -6 (base 16) in base 14?
-6
What is -4 (base 8) in base 13?
-4
What is -5 (base 9) in base 14?
-5
What is -d9 (base 15) in base 16?
-cc
Convert -8 (base 12) to base 11.
-8
What is 26 (base 7) in base 6?
32
Convert a (base 11) to base 7.
13
What is 0 (base 5) in base 10?
0
Convert -20 (base 3) to base 6.
-10
Convert 18 (base 13) to base 6.
33
Convert -1